ulate the greatest common factor of 204470 and 127.
127
What is the highest common divisor of 358 and 11993?
179
What is the greatest common factor of 198 and 14564?
22
Calculate the highest common factor of 169 and 723827.
169
Calculate the greatest common factor of 99 and 7469.
11
Calculate the greatest common divisor of 16700 and 31062.
334
Calculate the greatest common divisor of 168 and 770.
14
What is the highest common divisor of 2277 and 767250?
99
What is the highest common divisor of 1245861 and 81?
81
Calculate the greatest common factor of 64 and 3760.
16
What is the highest common factor of 6 and 92238?
6
What is the highest common factor of 14175 and 665?
35
What is the highest common divisor of 124 and 1921690?
62
What is the greatest common divisor of 9948 and 24?
12
What is the greatest common divisor of 22557 and 2472?
309
What is the greatest common divisor of 188 and 2879972?
188
What is the highest common factor of 433292 and 596?
596
Calculate the greatest common factor of 371579 and 19695.
1313
Calculate the highest common factor of 8476342 and 1021.
1021
Calculate the highest common divisor of 1156842 and 296.
74
Calculate the greatest common factor of 361000 and 9000.
1000
Calculate the greatest common factor of 11590 and 3990.
190
Calculate the highest common divisor of 196 and 30275.
7
Calculate the highest common divisor of 470178 and 54.
54
Calculate the highest common divisor of 16152 and 2144.
8
What is the highest common factor of 28352 and 48?
16
Calculate the highest common divisor of 2249 and 5161.
13
Calculate the greatest common factor of 16537689 and 9.
9
What is the highest common divisor of 39 and 44889?
39
What is the greatest common divisor of 170916 and 48?
12
Calculate the greatest common divisor of 27157 and 1027.
13
Calculate the highest common factor of 1456 and 69104.
112
What is the highest common divisor of 5692960 and 560?
560
What is the highest common divisor of 195176 and 9424?
248
What is the highest common divisor of 213301 and 121?
11
What is the greatest common factor of 3024 and 24597?
27
Calculate the greatest common divisor of 378 and 29880.
18
Calculate the greatest common divisor of 188736 and 72.
24
Calculate the greatest common factor of 120600 and 765.
45
Calculate the greatest common factor of 440 and 18766.
22
What is the highest common factor of 1 and 21799?
1
Calculate the greatest common factor of 696 and 254.
2
Calculate the highest common divisor of 960 and 1128.
24
Calculate the greatest common factor of 4899 and 2343.
213
What is the highest common factor of 735 and 20790?
105
Calculate the highest common factor of 4693 and 13718.
361
Calculate the greatest common divisor of 67346 and 302.
302
Calculate the greatest common factor of 35497 and 2464.
77
What is the greatest common factor of 9 and 13420359?
9
Calculate the highest common factor of 26130 and 1608.
402
Calculate the highest common factor of 39690 and 60.
30
What is the greatest common divisor of 13 and 3040063?
13
Calculate the highest common factor of 49 and 4753441.
49
Calculate the greatest common divisor of 3360 and 690.
30
What is the greatest common divisor of 2631175 and 755?
755
What is the highest common divisor of 1047 and 45370?
349
What is the highest common divisor of 8462 and 4?
2
Calculate the highest common factor of 515 and 40376.
103
What is the highest common divisor of 717 and 14535741?
717
Calculate the highest common factor of 282 and 50.
2
Calculate the highest common factor of 36232 and 868.
28
What is the highest common divisor of 178466 and 29?
29
Calculate the greatest common factor of 33 and 168729.
33
What is the greatest common factor of 99127 and 26299?
2023
Calculate the greatest common factor of 27314 and 2898.
14
What is the greatest common factor of 145 and 835925?
145
Calculate the highest common divisor of 35216 and 9424.
496
What is the greatest common factor of 314836 and 4?
4
What is the highest common factor of 214522 and 506?
22
What is the greatest common divisor of 1965 and 5109?
393
What is the greatest common factor of 5125 and 1517?
41
What is the highest common factor of 36 and 28980?
36
What is the highest common divisor of 36 and 70809?
3
Calculate the greatest common factor of 512 and 7432.
8
Calculate the greatest common divisor of 24210 and 17216.
538
Calculate the highest common divisor of 10960 and 80.
80
Calculate the highest common factor of 353888 and 608.
32
Calculate the highest common divisor of 8964 and 30.
6
Calculate the highest common factor of 308113 and 676.
13
What is the greatest common factor of 487730 and 418?
38
Calculate the highest common factor of 7 and 2177.
7
Calculate the greatest common factor of 936 and 4233528.
936
Calculate the greatest common divisor of 680 and 318104.
136
What is the greatest common factor of 38 and 89452?
38
Calculate the greatest common divisor of 2596 and 82676.
44
What is the greatest common divisor of 1342 and 29402?
122
What is the highest common factor of 60138 and 1703?
13
What is the highest common factor of 5096 and 1664?
104
What is the highest common divisor of 276 and 6969?
69
What is the highest common factor of 11885 and 535?
5
What is the greatest common divisor of 44 and 1532?
4
Calculate the greatest common divisor of 20 and 1180924.
4
What is the highest common factor of 128 and 37088?
32
Calculate the highest common divisor of 30 and 288225.
15
What is the greatest common factor of 179580 and 120?
60
Calculate the greatest common factor of 3635 and 25.
5
Calculate the greatest common factor of 94205 and 5395.
415
What is the greatest common divisor of 13 and 651755?
13
Calculate the greatest common factor of 154 and 49819.
77
What is the greatest common factor of 6927 and 33?
3
What is the greatest common factor of 14139 and 3303?
9
Calculate the greatest common divisor of 422591 and 13.
13
What is the highest common factor of 6000 and 12160?
80
Calculate the highest common divisor of 7553 and 21.
7
What is the highest common divisor of 14457 and 36498?
237
What is the greatest common divisor of 8879 and 377?
13
Calculate the greatest common divisor of 783899 and 725.
29
Calculate the highest common factor of 2 and 1559628.
2
What is the highest common factor of 672212 and 326?
326
What is the highest common divisor of 22885 and 345?
115
What is the greatest common factor of 409578 and 1068?
534
What is the highest common divisor of 1518314 and 98?
98
What is the greatest common factor of 10260 and 152?
76
What is the highest common divisor of 1290 and 330?
30
Calculate the highest common factor of 2410 and 2200.
10
What is the greatest common factor of 16525 and 625?
25
Calculate the greatest common factor of 2097 and 28193.
233
Calculate the highest common factor of 6200 and 232.
8
Calculate the highest common divisor of 2830 and 1580.
10
What is the greatest common divisor of 28413 and 40467?
861
What is the greatest common divisor of 146 and 4849244?
146
What is the highest common divisor of 6059 and 657?
73
Calculate the greatest common factor of 77175 and 252.
63
What is the greatest common factor of 32800 and 1240?
40
Calculate the greatest common factor of 2933469 and 918.
459
What is the greatest common factor of 3255916 and 152?
76
What is the greatest common factor of 19170 and 2970?
270
What is the highest common divisor of 544 and 28624?
16
Calculate the greatest common factor of 52507 and 364.
91
Calculate the greatest common divisor of 77 and 49181.
11
Calculate the greatest common factor of 236480 and 960.
320
Calculate the greatest common divisor of 207 and 606.
3
What is the greatest common divisor of 4464 and 265050?
558
Calculate the highest common factor of 27878 and 31823.
263
Calculate the highest common divisor of 41583 and 581.
83
What is the highest common divisor of 5655 and 2523?
87
Calculate the greatest common divisor of 301 and 1211.
7
Calculate the highest common divisor of 2898230 and 230.
230
What is the highest common factor of 553698 and 342?
342
Calculate the highest common factor of 8442 and 1106.
14
Calculate the greatest common divisor of 44 and 7853428.
44
What is the greatest common factor of 77688 and 13?
13
What is the greatest common factor